{"id":84,"date":"2016-01-25T14:11:22","date_gmt":"2016-01-25T12:11:22","guid":{"rendered":"http:\/\/www.palamuse.edu.ee\/web3\/?page_id=84"},"modified":"2022-02-04T10:03:25","modified_gmt":"2022-02-04T08:03:25","slug":"riiklik-jarelvalve","status":"publish","type":"page","link":"https:\/\/www.palamuse.edu.ee\/web3\/riiklik-jarelvalve\/","title":{"rendered":"Riiklik j\u00e4relevalve"},"content":{"rendered":"<p>Kooli \u00fcle riiklikku j\u00e4relevalvet teostavate asutuste kontakt-andmed:<\/p>\n<table style=\"height: 76px;\" width=\"806\">\n<tbody>\n<tr>\n<td>\u00a0<img loading=\"lazy\" class=\"alignnone size-full wp-image-267\" src=\"https:\/\/www.palamuse.edu.ee\/web3\/wp-content\/uploads\/ico_punkt_pruun.jpg\" alt=\"ico_punkt_pruun\" width=\"8\" height=\"8\" \/>\u00a0<strong>Haridus- ja Teadusministeerium<\/strong><br \/>\nV\u00e4lishindamisosakond<br \/>\nMunga 18, 50088 Tartu<br \/>\nKatrin Ohakas<br \/>\n<em>telefon: 56870346 \u00a0<\/em><br \/>\n<em>e-post: Katrin.Ohakas(at)hm.ee<\/em><\/td>\n<td><img loading=\"lazy\" class=\"alignnone size-full wp-image-267\" src=\"https:\/\/www.palamuse.edu.ee\/web3\/wp-content\/uploads\/ico_punkt_pruun.jpg\" alt=\"ico_punkt_pruun\" width=\"8\" height=\"8\" \/>\u00a0<strong>Terviseamet<\/strong><em><em><br \/>\n<\/em><\/em>L\u00f5una regionaalosakonna J\u00f5gevamaa esindus<br \/>\nSilla 2, 48104 P\u00f5ltsamaa<br \/>\n<em><em>telefon: 794 3500<\/em><br \/>\n<em>e-post: nfo(at)iterviseamet.ee<\/em><\/em><\/td>\n<\/tr>\n<tr>\n<td><img loading=\"lazy\" class=\"alignnone size-full wp-image-267\" src=\"https:\/\/www.palamuse.edu.ee\/web3\/wp-content\/uploads\/ico_punkt_pruun.jpg\" alt=\"ico_punkt_pruun\" width=\"8\" height=\"8\" \/>\u00a0<strong>P\u00e4\u00e4steamet<\/strong><em><br \/>\n<\/em>L\u00f5una p\u00e4\u00e4stekeskus<br \/>\nOhutusj\u00e4relevalve b\u00fcroo<br \/>\nJaama 207, 50705 Tartu<br \/>\n<em>Alari Pagi<br \/>\n<\/em><em>inspektor<br \/>\ntelefon: \u00a0<\/em>7768 318<br \/>\n<em>e-post: alari.pagi(at)rescue.ee<\/em><\/td>\n<td style=\"text-align: left;\"><\/td>\n<\/tr>\n<\/tbody>\n<\/table>\n","protected":false},"excerpt":{"rendered":"<p>Kooli \u00fcle riiklikku j\u00e4relevalvet teostavate asutuste kontakt-andmed: \u00a0\u00a0Haridus- ja Teadusministeerium V\u00e4lishindamisosakond Munga 18, 50088 Tartu Katrin Ohakas telefon: 56870346 \u00a0 e-post: Katrin.Ohakas(at)hm.ee \u00a0Terviseamet L\u00f5una regionaalosakonna J\u00f5gevamaa esindus Silla 2, 48104 P\u00f5ltsamaa telefon: 794 3500 e-post: nfo(at)iterviseamet.ee \u00a0P\u00e4\u00e4steamet L\u00f5una p\u00e4\u00e4stekeskus Ohutusj\u00e4relevalve b\u00fcroo Jaama 207, 50705 Tartu Alari Pagi inspektor telefon: \u00a07768 318 e-post: alari.pagi(at)rescue.ee<\/p>\n","protected":false},"author":2,"featured_media":0,"parent":0,"menu_order":0,"comment_status":"closed","ping_status":"closed","template":"","meta":[],"_links":{"self":[{"href":"https:\/\/www.palamuse.edu.ee\/web3\/wp-json\/wp\/v2\/pages\/84"}],"collection":[{"href":"https:\/\/www.palamuse.edu.ee\/web3\/wp-json\/wp\/v2\/pages"}],"about":[{"href":"https:\/\/www.palamuse.edu.ee\/web3\/wp-json\/wp\/v2\/types\/page"}],"author":[{"embeddable":true,"href":"https:\/\/www.palamuse.edu.ee\/web3\/wp-json\/wp\/v2\/users\/2"}],"replies":[{"embeddable":true,"href":"https:\/\/www.palamuse.edu.ee\/web3\/wp-json\/wp\/v2\/comments?post=84"}],"version-history":[{"count":5,"href":"https:\/\/www.palamuse.edu.ee\/web3\/wp-json\/wp\/v2\/pages\/84\/revisions"}],"predecessor-version":[{"id":5228,"href":"https:\/\/www.palamuse.edu.ee\/web3\/wp-json\/wp\/v2\/pages\/84\/revisions\/5228"}],"wp:attachment":[{"href":"https:\/\/www.palamuse.edu.ee\/web3\/wp-json\/wp\/v2\/media?parent=84"}],"curies":[{"name":"wp","href":"https:\/\/api.w.org\/{rel}","templated":true}]}}