{"id":6275,"date":"2023-08-30T10:06:30","date_gmt":"2023-08-30T07:06:30","guid":{"rendered":"https:\/\/www.palamuse.edu.ee\/web3\/?page_id=6275"},"modified":"2023-09-19T10:50:47","modified_gmt":"2023-09-19T07:50:47","slug":"stiiliraamat","status":"publish","type":"page","link":"https:\/\/www.palamuse.edu.ee\/web3\/stiiliraamat\/","title":{"rendered":"S\u00fcmboolika"},"content":{"rendered":"\n<p><img loading=\"lazy\" class=\"alignnone size-medium wp-image-6327\" src=\"https:\/\/www.palamuse.edu.ee\/web3\/wp-content\/uploads\/OLPP_LOGO23-300x77.jpg\" alt=\"\" width=\"300\" height=\"77\" \/><\/p>\n<p>Oskar Lutsu palamuse P\u00f5hikooli logo konkurss kuulutati v\u00e4lja 2023. a aprillis. Konkursi v\u00f5idut\u00f6\u00f6 esitas Teele Reiman.\u00a0<\/p>\n<p>Oskar Lutsu Palamuse P\u00f5hikooli m\u00e4rk sisaldab kooli uue l\u00fchendi t\u00e4hti: O, L, P, P. Need on paigutatud abstraktselt ja nurga all. Kooli nime l\u00fchend on kirjutatud v\u00e4iket\u00e4htedena ning lihtsasti imiteeritavas vormis, kasutades p\u00f5hiliselt ringe ja<br \/>kriipse, mis on koolilastele arusaadav ja meeldej\u00e4\u00e4v.\u00a0<\/p>\n<p>M\u00e4rk on kaasaegne, kuid oma lihtsa kujundusega sobib see Oskar Lutsu Palamuse P\u00f5hikooli saatma pikaks ajaks. M\u00e4rk sobib iseseisvalt kasutamiseks n\u00e4iteks rinnam\u00e4rgi v\u00f5i s\u00f5rmuse disainis.<\/p>\n<p>Kollane O s\u00fcmboliseerib p\u00e4ikest ja punane P s\u00fcmboliseerib Oskar Lutsu \u201cKevadest\u201d tuntud Tootsi punast maakera. See motiiv on kaasa toodud eelmise logo m\u00e4lestuseks ning traditsiooni j\u00e4tkamiseks.<\/p>\n<p>O koos P paunadega moodustab justkui \u00fcmarate vormidega<br \/>pjedestaali, mis s\u00fcmboliseerib k\u00f5rgemale p\u00fc\u00fcdlemist. Samuti v\u00f5ib<br \/>n\u00e4ha selles p\u00e4rituult.<\/p>\n<p>Palamuse p\u00f5hikooli P-t\u00e4hed koos Oskar Lutsu initsiaalidega on kui<br \/>veest v\u00e4ljaulatuvad palgid, millest tehtud parve T\u00f5nisson j\u00f5ep\u00f5hja<br \/>laskis.<\/p>\n<p>OLPP-i uuel m\u00e4rgil olevad elemendid saab \u00fcmber paigutada ka<br \/>aastaarvuks 1998, mil Palamusel asuv koolimaja nimetati \u00fcmber<br \/>Oskar Lutsu Palamuse G\u00fcmnaasiumiks.<\/p>\n<p>Oskar Lutsu Palamuse P\u00f5hikooli logo kirjat\u00fc\u00fcbina kasutatakse <strong>Fredoka<\/strong><br \/>kirjat\u00fc\u00fcpi, mis on suur, \u00fcmmargune, l\u00f5bus ja julge.<\/p>\n<p>Kooli logo p\u00f5hiv\u00e4rvideks on valge, kollane, punane ja tumesinine.\u00a0<br \/>Sekundaarseteks v\u00e4rvideks roosa, hall ja must.<\/p>\n<p><strong>Kooli pidulik lipp<\/strong> on kahekordsest kangast, kuldse narmaspalistusega, lipul on kujutatud kooli logo valgel taustal. Kooli lipp tuuakse v\u00e4lja aktustel ja teistel pidulikel s\u00fcndmustel<\/p>\n<p><img loading=\"lazy\" class=\"alignnone size-medium wp-image-6430\" src=\"https:\/\/www.palamuse.edu.ee\/web3\/wp-content\/uploads\/Koolilipp-300x191.jpg\" alt=\"\" width=\"300\" height=\"191\" srcset=\"https:\/\/www.palamuse.edu.ee\/web3\/wp-content\/uploads\/Koolilipp-300x191.jpg 300w, https:\/\/www.palamuse.edu.ee\/web3\/wp-content\/uploads\/Koolilipp-555x353.jpg 555w, https:\/\/www.palamuse.edu.ee\/web3\/wp-content\/uploads\/Koolilipp.jpg 900w\" sizes=\"(max-width: 300px) 100vw, 300px\" \/><\/p>\n<p><strong>Mastilipul<\/strong> on kooli logo valgel taustal, lippu elavdab logokordus paremas servas. Mastilipp on vardasse t\u00f5mmatud kooli ees.\u00a0<\/p>\n<p><img loading=\"lazy\" class=\"alignnone size-medium wp-image-6433\" src=\"https:\/\/www.palamuse.edu.ee\/web3\/wp-content\/uploads\/mastilipp-300x169.jpg\" alt=\"\" width=\"300\" height=\"169\" srcset=\"https:\/\/www.palamuse.edu.ee\/web3\/wp-content\/uploads\/mastilipp-300x169.jpg 300w, https:\/\/www.palamuse.edu.ee\/web3\/wp-content\/uploads\/mastilipp-555x313.jpg 555w, https:\/\/www.palamuse.edu.ee\/web3\/wp-content\/uploads\/mastilipp.jpg 850w\" sizes=\"(max-width: 300px) 100vw, 300px\" \/><\/p>\n","protected":false},"excerpt":{"rendered":"<p>Oskar Lutsu palamuse P\u00f5hikooli logo konkurss kuulutati v\u00e4lja 2023. a aprillis. Konkursi v\u00f5idut\u00f6\u00f6 esitas Teele Reiman.\u00a0 Oskar Lutsu Palamuse P\u00f5hikooli m\u00e4rk sisaldab kooli uue l\u00fchendi t\u00e4hti: O, L, P, P. Need on paigutatud abstraktselt ja nurga all. Kooli nime l\u00fchend on kirjutatud v\u00e4iket\u00e4htedena ning lihtsasti imiteeritavas vormis, kasutades p\u00f5hiliselt ringe jakriipse, mis on koolilastele arusaadav &hellip; <\/p>\n<p><a class=\"more-link btn\" href=\"https:\/\/www.palamuse.edu.ee\/web3\/stiiliraamat\/\">J\u00e4tka lugemist<\/a><\/p>\n","protected":false},"author":2,"featured_media":0,"parent":0,"menu_order":0,"comment_status":"closed","ping_status":"closed","template":"","meta":[],"_links":{"self":[{"href":"https:\/\/www.palamuse.edu.ee\/web3\/wp-json\/wp\/v2\/pages\/6275"}],"collection":[{"href":"https:\/\/www.palamuse.edu.ee\/web3\/wp-json\/wp\/v2\/pages"}],"about":[{"href":"https:\/\/www.palamuse.edu.ee\/web3\/wp-json\/wp\/v2\/types\/page"}],"author":[{"embeddable":true,"href":"https:\/\/www.palamuse.edu.ee\/web3\/wp-json\/wp\/v2\/users\/2"}],"replies":[{"embeddable":true,"href":"https:\/\/www.palamuse.edu.ee\/web3\/wp-json\/wp\/v2\/comments?post=6275"}],"version-history":[{"count":5,"href":"https:\/\/www.palamuse.edu.ee\/web3\/wp-json\/wp\/v2\/pages\/6275\/revisions"}],"predecessor-version":[{"id":6435,"href":"https:\/\/www.palamuse.edu.ee\/web3\/wp-json\/wp\/v2\/pages\/6275\/revisions\/6435"}],"wp:attachment":[{"href":"https:\/\/www.palamuse.edu.ee\/web3\/wp-json\/wp\/v2\/media?parent=6275"}],"curies":[{"name":"wp","href":"https:\/\/api.w.org\/{rel}","templated":true}]}}

Sümboolika

<p><img loading="lazy" class="alignnone size-medium wp-image-6327" src="https://www.palamuse.edu.ee/web3/wp-content/uploads/OLPP_LOGO23-300x77.jpg" alt="" width="300" height="77" /></p>
<p>Oskar Lutsu palamuse Põhikooli logo konkurss kuulutati välja 2023. a aprillis. Konkursi võidutöö esitas Teele Reiman. </p>
<p>Oskar Lutsu Palamuse Põhikooli märk sisaldab kooli uue lühendi tähti: O, L, P, P. Need on paigutatud abstraktselt ja nurga all. Kooli nime lühend on kirjutatud väiketähtedena ning lihtsasti imiteeritavas vormis, kasutades põhiliselt ringe ja<br />kriipse, mis on koolilastele arusaadav ja meeldejääv. </p>
<p>Märk on kaasaegne, kuid oma lihtsa kujundusega sobib see Oskar Lutsu Palamuse Põhikooli saatma pikaks ajaks. Märk sobib iseseisvalt kasutamiseks näiteks rinnamärgi või sõrmuse disainis.</p>
<p>Kollane O sümboliseerib päikest ja punane P sümboliseerib Oskar Lutsu “Kevadest” tuntud Tootsi punast maakera. See motiiv on kaasa toodud eelmise logo mälestuseks ning traditsiooni jätkamiseks.</p>
<p>O koos P paunadega moodustab justkui ümarate vormidega<br />pjedestaali, mis sümboliseerib kõrgemale püüdlemist. Samuti võib<br />näha selles pärituult.</p>
<p>Palamuse põhikooli P-tähed koos Oskar Lutsu initsiaalidega on kui<br />veest väljaulatuvad palgid, millest tehtud parve Tõnisson jõepõhja<br />laskis.</p>
<p>OLPP-i uuel märgil olevad elemendid saab ümber paigutada ka<br />aastaarvuks 1998, mil Palamusel asuv koolimaja nimetati ümber<br />Oskar Lutsu Palamuse Gümnaasiumiks.</p>
<p>Oskar Lutsu Palamuse Põhikooli logo kirjatüübina kasutatakse <strong>Fredoka</strong><br />kirjatüüpi, mis on suur, ümmargune, lõbus ja julge.</p>
<p>Kooli logo põhivärvideks on valge, kollane, punane ja tumesinine. <br />Sekundaarseteks värvideks roosa, hall ja must.</p>
<p><strong>Kooli pidulik lipp</strong> on kahekordsest kangast, kuldse narmaspalistusega, lipul on kujutatud kooli logo valgel taustal. Kooli lipp tuuakse välja aktustel ja teistel pidulikel sündmustel</p>
<p><img loading="lazy" class="alignnone size-medium wp-image-6430" src="https://www.palamuse.edu.ee/web3/wp-content/uploads/Koolilipp-300x191.jpg" alt="" width="300" height="191" srcset="https://www.palamuse.edu.ee/web3/wp-content/uploads/Koolilipp-300x191.jpg 300w, https://www.palamuse.edu.ee/web3/wp-content/uploads/Koolilipp-555x353.jpg 555w, https://www.palamuse.edu.ee/web3/wp-content/uploads/Koolilipp.jpg 900w" sizes="(max-width: 300px) 100vw, 300px" /></p>
<p><strong>Mastilipul</strong> on kooli logo valgel taustal, lippu elavdab logokordus paremas servas. Mastilipp on vardasse tõmmatud kooli ees. </p>
<p><img loading="lazy" class="alignnone size-medium wp-image-6433" src="https://www.palamuse.edu.ee/web3/wp-content/uploads/mastilipp-300x169.jpg" alt="" width="300" height="169" srcset="https://www.palamuse.edu.ee/web3/wp-content/uploads/mastilipp-300x169.jpg 300w, https://www.palamuse.edu.ee/web3/wp-content/uploads/mastilipp-555x313.jpg 555w, https://www.palamuse.edu.ee/web3/wp-content/uploads/mastilipp.jpg 850w" sizes="(max-width: 300px) 100vw, 300px" /></p>

<p>Oskar Lutsu palamuse Põhikooli logo konkurss kuulutati välja 2023. a aprillis. Konkursi võidutöö esitas Teele Reiman.  Oskar Lutsu Palamuse Põhikooli märk sisaldab kooli uue lühendi tähti: O, L, P, P. Need on paigutatud abstraktselt ja nurga all. Kooli nime lühend on kirjutatud väiketähtedena ning lihtsasti imiteeritavas vormis, kasutades põhiliselt ringe jakriipse, mis on koolilastele arusaadav &hellip; </p>
<p><a class="more-link btn" href="https://www.palamuse.edu.ee/web3/stiiliraamat/">Jätka lugemist</a></p>
