{"id":5016,"date":"2021-10-21T09:19:14","date_gmt":"2021-10-21T06:19:14","guid":{"rendered":"https:\/\/www.palamuse.edu.ee\/web3\/?page_id=5016"},"modified":"2024-09-02T12:59:00","modified_gmt":"2024-09-02T09:59:00","slug":"koduope","status":"publish","type":"page","link":"https:\/\/www.palamuse.edu.ee\/web3\/koduope\/","title":{"rendered":"Kodu\u00f5pe"},"content":{"rendered":"\n<p>Kodu\u00f5pe vanema taotlusel (KVT) pakub perele v\u00f5imaluse luua \u00f5pilasele kodune hariduskeskkond ja v\u00f5tta vastutus tema haridustulemuste eest. Samas on \u00f5pilasel v\u00f5imalik osaleda kooli \u00fcritustel. <br \/>Oskar Lutsu Palamuse P\u00f5hikool toetab KVT rakendamist ja korraldamist.\u00a0<br \/>Meie kodu\u00f5ppe koordinaator aitab perel anal\u00fc\u00fcsida olukorda, m\u00f5testada kodu\u00f5ppe eesm\u00e4rke ja vormistada vajalikke dokumente ning n\u00f5ustab vajadusel kodu\u00f5ppe protsessi osalisi.<\/p>\n<p><img loading=\"lazy\" class=\"alignnone size-full wp-image-260\" src=\"https:\/\/www.palamuse.edu.ee\/web3\/wp-content\/uploads\/ico_punkt_punane.jpg\" alt=\"\" width=\"8\" height=\"8\" \/> \u00a0Kodu\u00f5ppe koordinaator: Mariliis Kapral,\u00a0 Mariliis.Kapral@palamuse.edu.ee<\/p>\n<hr \/>\n<p><strong>Kodu\u00f5ppe head k\u00fcljed:<\/strong><\/p>\n<ul>\n<li>Kodu\u00f5ppel olev \u00f5pilane saab osa \u00f5ppet\u00f6\u00f6st, s\u00f5ltumata enda asukohast.<\/li>\n<li>Kodu\u00f5pe loob v\u00f5imaluse ts\u00fckli\u00f5ppeks \u00fche \u00f5ppeaasta raames vastavalt \u00f5pilase huvidele ning \u00f5pieelistustele.<\/li>\n<li>Kodu\u00f5pe v\u00f5imaldab luua koduse ja toetava \u00f5pikeskkonna sensitiivsetele\/ andekatele lastele.<\/li>\n<li>Kool n\u00f5ustab \u00f5ppematerjalide valikul, et leida perele sobivaim variant.<\/li>\n<li>Kodu\u00f5ppeperele toimuvad koordinaatoriga regulaarsed toetavad vestlusringid.<\/li>\n<\/ul>\n<p>\u00a0<\/p>\n<p><strong>Olulised sammud enne kodu\u00f5ppega alustamist:<\/strong><\/p>\n<ul>\n<li>V\u00f5imalus on kodu\u00f5ppe koordinaatoriga suhelda juba aegsasti enne avalduse esitamist.<\/li>\n<li>Esimesest poolaastast kodu\u00f5ppele j\u00e4\u00e4miseks, peab vanema esitama avalduse <strong>hiljemalt 20. augustiks<\/strong>, teisest poolaastast kodu\u00f5ppele suundumiseks <strong>hiljemalt 20. detsembril.<\/strong> Avalduses on vaja v\u00e4lja tuua kodu\u00f5ppele j\u00e4\u00e4mise p\u00f5hjused ning nimetada isik (edaspidi \u201ckodu\u00f5petaja\u201d), kes last \u00f5petama hakkab.<\/li>\n<li>Kodu\u00f5ppele vanema soovil suunatakse \u00f5pilane \u00f5ppen\u00f5ukogu otsusega.<\/li>\n<li>Enne \u00f5ppen\u00f5ukogu toimub vestlus vanematega, et kaardistada pere ootused ja eesm\u00e4rk ning saada \u00fclevaade \u00f5pilase tervisliku seisundi kohta.<\/li>\n<li>Koolil on \u00f5igus kodu\u00f5pe katkestada, kui \u00f5pitulemuste kontrolli k\u00e4igus selgub, et vajalik tase on saavutamata.<\/li>\n<\/ul>\n<p>\u00a0<\/p>\n<p><strong>Lapsevanema \u00fclesanded \u00f5ppet\u00f6\u00f6ks ette valmistumisel:<\/strong><\/p>\n<ul>\n<li>Koordinaatori abiga koostab kodu\u00f5petaja individuaalse \u00f5ppekava, l\u00e4htudes konkreetse klassi ainekavadest.<\/li>\n<li>Kodu\u00f5petaja koostab iga perioodi alguseks t\u00f6\u00f6kava eelseisvaks perioodiks, mida on v\u00f5imalik jooksvalt t\u00e4iendada. T\u00f6\u00f6kava koostatakse kooli poolt v\u00e4lja t\u00f6\u00f6tatud p\u00f5hjale koordinaatorile ligip\u00e4\u00e4setavas keskkonnas.<\/li>\n<li>Kodu\u00f5petaja ja \u00f5pilane laevad valitud t\u00f6id \u00fcles digitaalsesse koordinaatorile ligip\u00e4\u00e4setavasse \u00f5pimappi.<\/li>\n<\/ul>\n<p>\u00a0<\/p>\n<p><strong>\u00d5pilase arengu kontroll:<\/strong><\/p>\n<ul>\n<li>Koordinaator j\u00e4lgib perioodi v\u00e4ltel regulaarselt nii t\u00f6\u00f6kava t\u00e4itmist kui \u00f5pimappi ilmuvaid t\u00f6id.<\/li>\n<li>F\u00fc\u00fcsiliste t\u00f6\u00f6vihikute\/vihikute olemasolul tutvub koordinaator nendes tehtud \u00fclesannetega perioodi l\u00f5pus.<\/li>\n<li>Iga trimestri l\u00f5pus toimuvad kokkuv\u00f5tvad kooli koostatud tasemetestid (1.-3. klass \u00fcld\u00f5petuslik t\u00f6\u00f6, 4.-9. klass \u00f5ppeained eraldi, v.a. andeained, mida hinnatakse \u00f5pimapi alusel), mille hinnangud\/hinded kantakse klassip\u00e4evikusse.<\/li>\n<li>Trimestri l\u00f5pus kantakse kokkuv\u00f5tvad hinnangud klassip\u00e4evikusse.<\/li>\n<\/ul>\n<p>\u00a0<\/p>\n<hr \/>\n<p>\u00a0<\/p>\n","protected":false},"excerpt":{"rendered":"<p>Kodu\u00f5pe vanema taotlusel (KVT) pakub perele v\u00f5imaluse luua \u00f5pilasele kodune hariduskeskkond ja v\u00f5tta vastutus tema haridustulemuste eest. Samas on \u00f5pilasel v\u00f5imalik osaleda kooli \u00fcritustel. Oskar Lutsu Palamuse P\u00f5hikool toetab KVT rakendamist ja korraldamist.\u00a0Meie kodu\u00f5ppe koordinaator aitab perel anal\u00fc\u00fcsida olukorda, m\u00f5testada kodu\u00f5ppe eesm\u00e4rke ja vormistada vajalikke dokumente ning n\u00f5ustab vajadusel kodu\u00f5ppe protsessi osalisi. \u00a0Kodu\u00f5ppe koordinaator: Mariliis &hellip; <\/p>\n<p><a class=\"more-link btn\" href=\"https:\/\/www.palamuse.edu.ee\/web3\/koduope\/\">J\u00e4tka lugemist<\/a><\/p>\n","protected":false},"author":2,"featured_media":0,"parent":0,"menu_order":0,"comment_status":"closed","ping_status":"closed","template":"","meta":[],"_links":{"self":[{"href":"https:\/\/www.palamuse.edu.ee\/web3\/wp-json\/wp\/v2\/pages\/5016"}],"collection":[{"href":"https:\/\/www.palamuse.edu.ee\/web3\/wp-json\/wp\/v2\/pages"}],"about":[{"href":"https:\/\/www.palamuse.edu.ee\/web3\/wp-json\/wp\/v2\/types\/page"}],"author":[{"embeddable":true,"href":"https:\/\/www.palamuse.edu.ee\/web3\/wp-json\/wp\/v2\/users\/2"}],"replies":[{"embeddable":true,"href":"https:\/\/www.palamuse.edu.ee\/web3\/wp-json\/wp\/v2\/comments?post=5016"}],"version-history":[{"count":5,"href":"https:\/\/www.palamuse.edu.ee\/web3\/wp-json\/wp\/v2\/pages\/5016\/revisions"}],"predecessor-version":[{"id":8336,"href":"https:\/\/www.palamuse.edu.ee\/web3\/wp-json\/wp\/v2\/pages\/5016\/revisions\/8336"}],"wp:attachment":[{"href":"https:\/\/www.palamuse.edu.ee\/web3\/wp-json\/wp\/v2\/media?parent=5016"}],"curies":[{"name":"wp","href":"https:\/\/api.w.org\/{rel}","templated":true}]}}