{"id":238,"date":"2016-02-18T10:59:17","date_gmt":"2016-02-18T08:59:17","guid":{"rendered":"http:\/\/www.palamuse.edu.ee\/web3\/?page_id=238"},"modified":"2026-03-31T08:40:16","modified_gmt":"2026-03-31T05:40:16","slug":"dokumendid","status":"publish","type":"page","link":"https:\/\/www.palamuse.edu.ee\/web3\/dokumendid\/","title":{"rendered":"Dokumendid"},"content":{"rendered":"<p><img loading=\"lazy\" class=\"alignnone size-full wp-image-260\" src=\"https:\/\/www.palamuse.edu.ee\/web3\/wp-content\/uploads\/ico_punkt_punane.jpg\" alt=\"ico_punkt_punane\" width=\"8\" height=\"8\" \/>\u00a0<strong>Dokumendiregister<br \/><\/strong><a href=\"https:\/\/atp.amphora.ee\/jogevavv\/index.aspx?hdr=hp&amp;o=910&amp;tbs=all&amp;o2=562731\" target=\"_blank\" rel=\"noopener noreferrer\">\u2295 Oskar Lutsu Palamuse P\u00f5hikooli dokumendiregister<\/a><br \/><a href=\"https:\/\/atp.amphora.ee\/jogevavv\/index.aspx?o=910&amp;o2=162974&amp;o=910&amp;u=-1&amp;hdr=hp&amp;tbs=all\">\u2295 Oskar Lutsu Palamuse G\u00fcmnaasiumi dokumendiregister<\/a> (01.01.2017-31.08.2023)<br \/><img loading=\"lazy\" class=\"alignnone wp-image-324\" src=\"https:\/\/www.palamuse.edu.ee\/web3\/wp-content\/uploads\/joon_punane_hajuv_10x700-300x4.png\" alt=\"joon_punane_hajuv_10x700\" width=\"675\" height=\"9\" srcset=\"https:\/\/www.palamuse.edu.ee\/web3\/wp-content\/uploads\/joon_punane_hajuv_10x700-300x4.png 300w, https:\/\/www.palamuse.edu.ee\/web3\/wp-content\/uploads\/joon_punane_hajuv_10x700.png 700w\" sizes=\"(max-width: 675px) 100vw, 675px\" \/><\/p>\n<p><img loading=\"lazy\" class=\"alignnone size-full wp-image-260\" src=\"https:\/\/www.palamuse.edu.ee\/web3\/wp-content\/uploads\/ico_punkt_punane.jpg\" alt=\"ico_punkt_punane\" width=\"8\" height=\"8\" \/>\u00a0<strong>Dokumendid<br \/><img loading=\"lazy\" class=\"alignnone wp-image-324\" src=\"https:\/\/www.palamuse.edu.ee\/web3\/wp-content\/uploads\/joon_punane_hajuv_10x700-300x4.png\" alt=\"joon_punane_hajuv_10x700\" width=\"675\" height=\"9\" srcset=\"https:\/\/www.palamuse.edu.ee\/web3\/wp-content\/uploads\/joon_punane_hajuv_10x700-300x4.png 300w, https:\/\/www.palamuse.edu.ee\/web3\/wp-content\/uploads\/joon_punane_hajuv_10x700.png 700w\" sizes=\"(max-width: 675px) 100vw, 675px\" \/><br \/><\/strong><\/p>\n<p><a href=\"https:\/\/www.palamuse.edu.ee\/web3\/wp-content\/uploads\/kodukord_20260330.pdf\">\u2295 Kooli kodukord <\/a>\u00a0 \u00a0 \u00a0 \u00a0 \u00a0 \u00a0 \u00a0 \u00a0 \u00a0 \u00a0 \u00a0 \u00a0 \u00a0 \u00a0 \u00a0 \u00a0 \u00a0 \u00a0 \u00a0 \u00a0 \u00a0 \u00a0 \u00a0 \u00a0 \u00a0 \u00a0<br \/><a href=\"https:\/\/www.palamuse.edu.ee\/web3\/wp-content\/uploads\/arengukava_2020_2030.pdf\">\u2295 Kooli arengukava_2020 &#8211; 2030<\/a><br \/><a href=\"http:\/\/images\/Dokumendid\/Yld-dokumendid\/olpg_kodukord_03022012.doc\" data-wplink-url-error=\"true\">\u2295 Kooli <\/a><a href=\"https:\/\/www.riigiteataja.ee\/akt\/407072023008\">p\u00f5him\u00e4\u00e4rus<\/a><br \/><a href=\"https:\/\/www.palamuse.edu.ee\/web3\/wp-content\/uploads\/delightful-downloads\/pohimaarus_20200716.pdf\">\u2295 <\/a><a href=\"https:\/\/www.palamuse.edu.ee\/web3\/wp-content\/uploads\/kaskkiri_20260327_11_12_lisa.pdf\">\u00d5pilasesinduse p\u00f5him\u00e4\u00e4rus<\/a><br \/><a href=\"https:\/\/www.palamuse.edu.ee\/web3\/wp-content\/uploads\/delightful-downloads\/pohimaarus_20200716.pdf\">\u2295 <\/a><a href=\"https:\/\/www.riigiteataja.ee\/akt\/402092025016\">Hoolekogu t\u00f6\u00f6kord<\/a><br \/><a href=\"https:\/\/www.palamuse.edu.ee\/web3\/wp-content\/uploads\/vabade_ametikohtade_konkursi_kord_20250408.pdf\">\u2295 Pedagoogide vabade ametikohtade t\u00e4itmise kord<\/a><br \/><a href=\"https:\/\/www.palamuse.edu.ee\/web3\/wp-content\/uploads\/tunnustamise_kord_20260313-1.pdf\">\u2295 Tunnustamise kord<\/a>\u00a0<br \/><a href=\"https:\/\/www.palamuse.edu.ee\/web3\/wp-content\/uploads\/vastuvotukord_2025nov.pdf\">\u2295 Kooli vastuv\u00f5tmise kord<\/a>\u00a0<br \/><a href=\"https:\/\/www.palamuse.edu.ee\/web3\/wp-content\/uploads\/OLPP_palgakorralduse-pohimotted_20251103.pdf\">\u2295 Palgakorralduse p\u00f5him\u00f5tted<\/a><br \/><a href=\"https:\/\/www.palamuse.edu.ee\/web3\/wp-content\/uploads\/sisehindamise_kord_202511.pdf\">\u2295 Sisehindamise kord<\/a><br \/><a href=\"https:\/\/www.palamuse.edu.ee\/web3\/wp-content\/uploads\/E-paeviku_taitmise-juhend_202511.pdf\">\u2295 E-p\u00e4eviku kasutamise kord<\/a>\u00a0<br \/><span style=\"font-size: inherit;\"><a href=\"https:\/\/www.palamuse.edu.ee\/web3\/wp-content\/uploads\/isikuandmete_tootlemine_20190101.pdf\">\u2295 Isikuandmete t\u00f6\u00f6tlemine<\/a><\/span><span style=\"font-size: inherit;\">\u00a0<\/span><\/p>\n<p>\u00a0<\/p>\n<p><img loading=\"lazy\" class=\"alignnone size-full wp-image-260\" src=\"https:\/\/www.palamuse.edu.ee\/web3\/wp-content\/uploads\/ico_punkt_punane.jpg\" alt=\"ico_punkt_punane\" width=\"8\" height=\"8\" \/>\u00a0<strong>Oskar Lutsu Palamuse P\u00f5hikooli \u00f5ppekava<br \/><img loading=\"lazy\" class=\"alignnone wp-image-324\" src=\"https:\/\/www.palamuse.edu.ee\/web3\/wp-content\/uploads\/joon_punane_hajuv_10x700-300x4.png\" alt=\"joon_punane_hajuv_10x700\" width=\"675\" height=\"9\" srcset=\"https:\/\/www.palamuse.edu.ee\/web3\/wp-content\/uploads\/joon_punane_hajuv_10x700-300x4.png 300w, https:\/\/www.palamuse.edu.ee\/web3\/wp-content\/uploads\/joon_punane_hajuv_10x700.png 700w\" sizes=\"(max-width: 675px) 100vw, 675px\" \/><br \/><\/strong><\/p>\n<p><a href=\"https:\/\/www.palamuse.edu.ee\/web3\/wp-content\/uploads\/oppekava_yldosa_alates20251001.pdf\">P\u00f5hikooli \u00f5ppekava \u00fcldosa<\/a> (muudetud 01.10.2025)<\/p>\n<p>Lisa 1 ainekavad (uus \u00f5ppekava)<br \/><a href=\"https:\/\/www.palamuse.edu.ee\/web3\/wp-content\/uploads\/1.-3.-klassi-uldopetuse-ainekava.pdf\"><span style=\"color: #000000;\"><span style=\"color: #333300;\">\u039e<\/span><\/span> 1.-3. klassi \u00fcld\u00f5petus<\/a><br \/>\u039e \u00a0Keel ja kirjandus (eesti keel: <a href=\"https:\/\/www.palamuse.edu.ee\/web3\/wp-content\/uploads\/4_eesti_keel.pdf\">4. klass<\/a>, <a href=\"https:\/\/www.palamuse.edu.ee\/web3\/wp-content\/uploads\/5_eesti_keel.pdf\">5. klass<\/a>, <a href=\"https:\/\/www.palamuse.edu.ee\/web3\/wp-content\/uploads\/6_eesti_keel.pdf\">6. klass<\/a>,<a href=\"https:\/\/www.palamuse.edu.ee\/web3\/wp-content\/uploads\/7_eesti_keel.pdf\"> 7. klass<\/a>, <a href=\"https:\/\/www.palamuse.edu.ee\/web3\/wp-content\/uploads\/8_eesti_keel.pdf\">8. klass<\/a>, <a href=\"https:\/\/www.palamuse.edu.ee\/web3\/wp-content\/uploads\/9_eesti_keel.pdf\">9. klass<\/a>; kirjandus:\u00a0 <a href=\"https:\/\/www.palamuse.edu.ee\/web3\/wp-content\/uploads\/5_kirjandus.pdf\">5. klass<\/a>, <a href=\"https:\/\/www.palamuse.edu.ee\/web3\/wp-content\/uploads\/6_kirjandus.pdf\">6. klass<\/a>, <a href=\"https:\/\/www.palamuse.edu.ee\/web3\/wp-content\/uploads\/7_kirjandus.pdf\">7. klass<\/a>, <a href=\"https:\/\/www.palamuse.edu.ee\/web3\/wp-content\/uploads\/8_kirjandus.pdf\">8. klass<\/a>, <a href=\"https:\/\/www.palamuse.edu.ee\/web3\/wp-content\/uploads\/9_kirjandus.pdf\">9. klass)<\/a><br \/>\u039e V\u00f5\u00f5rkeeled (inglise keel: <a href=\"https:\/\/www.palamuse.edu.ee\/web3\/wp-content\/uploads\/3_klass_inglise_keel.pdf\">3. klass<\/a>, <a href=\"https:\/\/www.palamuse.edu.ee\/web3\/wp-content\/uploads\/4_klass_inglise_keel.pdf\">4. klass<\/a>, <a href=\"https:\/\/www.palamuse.edu.ee\/web3\/wp-content\/uploads\/5_klass_inglise_keel.pdf\">5. klass<\/a>,<a href=\"https:\/\/www.palamuse.edu.ee\/web3\/wp-content\/uploads\/6_klass_inglise_keel.pdf\"> 6. klass<\/a>, <a href=\"https:\/\/www.palamuse.edu.ee\/web3\/wp-content\/uploads\/7_vene_keel.pdf\">7. klass<\/a>, <a href=\"https:\/\/www.palamuse.edu.ee\/web3\/wp-content\/uploads\/8_vene_keel.pdf\">8. klass<\/a>, <a href=\"https:\/\/www.palamuse.edu.ee\/web3\/wp-content\/uploads\/9_klass_inglise_keel.pdf\">9. klass<\/a>; vene keel: <a href=\"https:\/\/www.palamuse.edu.ee\/web3\/wp-content\/uploads\/6_vene_keel.pdf\">6. klass<\/a>, <a href=\"https:\/\/www.palamuse.edu.ee\/web3\/wp-content\/uploads\/7_vene_keel.pdf\">7. klass<\/a>, <a href=\"https:\/\/www.palamuse.edu.ee\/web3\/wp-content\/uploads\/8_vene_keel.pdf\">8. klass<\/a>, <a href=\"https:\/\/www.palamuse.edu.ee\/web3\/wp-content\/uploads\/9_vene_keel.pdf\">9. klass<\/a>)<br \/>\u039e Matemaatika (<a href=\"https:\/\/www.palamuse.edu.ee\/web3\/wp-content\/uploads\/matemaatika_4klass.pdf\">4. klass<\/a>, <a href=\"https:\/\/www.palamuse.edu.ee\/web3\/wp-content\/uploads\/matemaatika_5klass.pdf\">5. klass<\/a>,<a href=\"https:\/\/www.palamuse.edu.ee\/web3\/wp-content\/uploads\/matemaatika_6klass.pdf\"> 6. klass<\/a>, <a href=\"https:\/\/www.palamuse.edu.ee\/web3\/wp-content\/uploads\/matemaatika_7klass-1.pdf\">7. klass<\/a>, <a href=\"https:\/\/www.palamuse.edu.ee\/web3\/wp-content\/uploads\/matemaatika_8klass.pdf\">8. klass<\/a>, <a href=\"https:\/\/www.palamuse.edu.ee\/web3\/wp-content\/uploads\/matemaatika_9klass.pdf\">9. klass<\/a>)<br \/>\u039e Loodusained (loodus\u00f5petus: (<a href=\"https:\/\/www.palamuse.edu.ee\/web3\/wp-content\/uploads\/loodusopetus_4klass.pdf\">4. klass<\/a>, <a href=\"https:\/\/www.palamuse.edu.ee\/web3\/wp-content\/uploads\/loodusopetus_5klass.pdf\">5. klass<\/a>, <a href=\"https:\/\/www.palamuse.edu.ee\/web3\/wp-content\/uploads\/loodusopetus_6klass.pdf\">6. klass<\/a>, <a href=\"https:\/\/www.palamuse.edu.ee\/web3\/wp-content\/uploads\/loodusopetus_7klass.pdf\">7. klass<\/a>;\u00a0 geograafia: <br \/><a href=\"https:\/\/www.palamuse.edu.ee\/web3\/wp-content\/uploads\/7_geograafia.pdf\">7. klass<\/a>,<a href=\"https:\/\/www.palamuse.edu.ee\/web3\/wp-content\/uploads\/8_geograafia.pdf\"> 8. klass<\/a>, <a href=\"https:\/\/www.palamuse.edu.ee\/web3\/wp-content\/uploads\/9_geograafia.pdf\">9. klass<\/a>; keemia: <a href=\"https:\/\/www.palamuse.edu.ee\/web3\/wp-content\/uploads\/keemia_8klass.pdf\">8. klass<\/a>, <a href=\"https:\/\/www.palamuse.edu.ee\/web3\/wp-content\/uploads\/keemia_9klass-1.pdf\">9. klass<\/a>; bioloogia: <a href=\"https:\/\/www.palamuse.edu.ee\/web3\/wp-content\/uploads\/7_bioloogia_ainekava_2024.pdf\">7. klass<\/a>, <a href=\"https:\/\/www.palamuse.edu.ee\/web3\/wp-content\/uploads\/8_bioloogia_ainekava_2024.pdf\">8. klass<\/a>, <br \/><a href=\"https:\/\/www.palamuse.edu.ee\/web3\/wp-content\/uploads\/9_bioloogia_ainekava_2024.pdf\">9. klass<\/a>; f\u00fc\u00fcsika: <a href=\"https:\/\/www.palamuse.edu.ee\/web3\/wp-content\/uploads\/8_fyysika.pdf\">8. klass<\/a>, <a href=\"https:\/\/www.palamuse.edu.ee\/web3\/wp-content\/uploads\/9_fyysika.pdf\">9. klass<\/a>)<br \/>\u039e\u00a0Sotsiaalained (ajalugu:\u00a0 <a href=\"https:\/\/www.palamuse.edu.ee\/web3\/wp-content\/uploads\/ajalugu_5klass.pdf\">5. klass<\/a>, <a href=\"https:\/\/www.palamuse.edu.ee\/web3\/wp-content\/uploads\/ajalugu_6klass.pdf\">6. klass<\/a>, <a href=\"https:\/\/www.palamuse.edu.ee\/web3\/wp-content\/uploads\/ajalugu_7klass.pdf\">7. klass<\/a>, <a href=\"https:\/\/www.palamuse.edu.ee\/web3\/wp-content\/uploads\/ajalugu_8klass.pdf\">8. klass<\/a>, <a href=\"https:\/\/www.palamuse.edu.ee\/web3\/wp-content\/uploads\/ajalugu_9klass.pdf\">9. klass<\/a>; inimese\u00f5petus:\u00a0 <a href=\"https:\/\/www.palamuse.edu.ee\/web3\/wp-content\/uploads\/inimeseopetus_5klass.pdf\">5. klass<\/a>, <a href=\"https:\/\/www.palamuse.edu.ee\/web3\/wp-content\/uploads\/inimeseopetus_6klass.pdf\">6. klass<\/a>, <a href=\"https:\/\/www.palamuse.edu.ee\/web3\/wp-content\/uploads\/inimeseopetus_7klass.pdf\">7. klass<\/a>,<a href=\"https:\/\/www.palamuse.edu.ee\/web3\/wp-content\/uploads\/inimeseopetus_8klass.pdf\"> 8. klass<\/a>; \u00fchiskonna\u00f5petus:\u00a0 <a href=\"https:\/\/www.palamuse.edu.ee\/web3\/wp-content\/uploads\/uhiskonnaopetus_6klass.pdf\">6. klass<\/a>, <br \/><a href=\"https:\/\/www.palamuse.edu.ee\/web3\/wp-content\/uploads\/uhiskonnaopetus_9klass.pdf\">9. klass<\/a>)<br \/>\u039e Kunstiained (kunst: <a href=\"https:\/\/www.palamuse.edu.ee\/web3\/wp-content\/uploads\/kunst_4_6klass.pdf\">4. &#8211; 6. klass<\/a>; <a href=\"https:\/\/www.palamuse.edu.ee\/web3\/wp-content\/uploads\/kunst_7_9klass.pdf\">7. &#8211; 8. klass<\/a>; muusika: <a href=\"https:\/\/www.palamuse.edu.ee\/web3\/wp-content\/uploads\/muusika_yldosa.pdf\">\u00fcldosa<\/a>, <a href=\"https:\/\/www.palamuse.edu.ee\/web3\/wp-content\/uploads\/muusika_1klass.pdf\">1. klass<\/a>, <a href=\"https:\/\/www.palamuse.edu.ee\/web3\/wp-content\/uploads\/muusika_2klass-1.pdf\">2. klass<\/a>, <a href=\"https:\/\/www.palamuse.edu.ee\/web3\/wp-content\/uploads\/muusika_3klass.pdf\">3. klass<\/a>, <a href=\"https:\/\/www.palamuse.edu.ee\/web3\/wp-content\/uploads\/muusika_4klass-1.pdf\">4. klass<\/a>, <a href=\"https:\/\/www.palamuse.edu.ee\/web3\/wp-content\/uploads\/muusika_5klass.pdf\">5. klass<\/a>, <a href=\"https:\/\/www.palamuse.edu.ee\/web3\/wp-content\/uploads\/muusika_6klass.pdf\">6. klass<\/a>, <a href=\"https:\/\/www.palamuse.edu.ee\/web3\/wp-content\/uploads\/muusika_7klass.pdf\">7. klass<\/a>, <a href=\"https:\/\/www.palamuse.edu.ee\/web3\/wp-content\/uploads\/muusika_8klass.pdf\">8. klass<\/a>, <a href=\"https:\/\/www.palamuse.edu.ee\/web3\/wp-content\/uploads\/muusika_9klass.pdf\">9. klass<\/a>)<br \/>\u039e Tehnoloogiaained (tehnoloogia\u00f5petus<a href=\"https:\/\/www.palamuse.edu.ee\/web3\/wp-content\/uploads\/tehnoloogiaopetus_4_6.pdf\">: 4. &#8211; 6. klass<\/a>; <a href=\"https:\/\/www.palamuse.edu.ee\/web3\/wp-content\/uploads\/tehnoloogiaopetus_7_9.pdf\">7. &#8211; 9. klass<\/a>; kodundus: <br \/><a href=\"https:\/\/www.palamuse.edu.ee\/web3\/wp-content\/uploads\/kodundus_-4_6klass.pdf\">4. &#8211; 6. klass<\/a>; <a href=\"https:\/\/www.palamuse.edu.ee\/web3\/wp-content\/uploads\/kodundus_7_9klass.pdf\">7. &#8211; 9. klass<\/a>; k\u00e4sit\u00f6\u00f6: <a href=\"https:\/\/www.palamuse.edu.ee\/web3\/wp-content\/uploads\/kasitoo_4_6klass.pdf\">4. &#8211; 6. klass<\/a>; <a href=\"https:\/\/www.palamuse.edu.ee\/web3\/wp-content\/uploads\/kasitoo_7_9klass.pdf\">7. &#8211; 9. klass<\/a>)<br \/>\u039e Liikumis\u00f5petus (<a href=\"https:\/\/www.palamuse.edu.ee\/web3\/wp-content\/uploads\/liikumisopetus_1_klass.pdf\">1. klass<\/a>,<a href=\"https:\/\/www.palamuse.edu.ee\/web3\/wp-content\/uploads\/liikumisopetus_2_klass.pdf\"> 2. klass<\/a>, <a href=\"https:\/\/www.palamuse.edu.ee\/web3\/wp-content\/uploads\/liikumisopetus_3_klass.pdf\">3. klass<\/a>,<a href=\"https:\/\/www.palamuse.edu.ee\/web3\/wp-content\/uploads\/liikumisopetus_4_klass.pdf\"> 4. klass<\/a>, <a href=\"https:\/\/www.palamuse.edu.ee\/web3\/wp-content\/uploads\/liikumisopetus_5_klass.pdf\">5. klass<\/a>, <a href=\"https:\/\/www.palamuse.edu.ee\/web3\/wp-content\/uploads\/liikumisopetus_6_klass.pdf\">6. klass<\/a>, <a href=\"https:\/\/www.palamuse.edu.ee\/web3\/wp-content\/uploads\/liikumisopetus_7_klass.pdf\">7. klass<\/a>, <br \/><a href=\"https:\/\/www.palamuse.edu.ee\/web3\/wp-content\/uploads\/liikumisopetus_8_klass.pdf\">8. klass<\/a>, <a href=\"https:\/\/www.palamuse.edu.ee\/web3\/wp-content\/uploads\/liikumisopetus_9_klass.pdf\">9. klass<\/a>)<br \/>\u039e Lisaained (r\u00fctmika: 2. klass, 3. klass, 4. klass, 5. klass, 6. klass; informaatika: <br \/>1. klass, 4. klass, 5. klass, 6. klass; majandus\u00f5petus; rahatarkus: <a href=\"https:\/\/www.palamuse.edu.ee\/web3\/wp-content\/uploads\/rahatarkus_5klass.pdf\">5. klass<\/a>)<br \/>\u039e Valikained (draama\u00f5petus, s\u00f5nakunst, kunst)<br \/>\u039e L\u00d5K \u00f5ppekava (matemaatika. muusika\u00f5petus, t\u00f6\u00f6\u00f5petus, eesti keel,\u00a0 inglise keel, inimese\u00f5petus, kunst\u00f5petus, loodus\u00f5petus, ajalugu)<br \/>lisa 2 hindamismudelid (muudetud 01.10.2025 <a href=\"https:\/\/www.palamuse.edu.ee\/web3\/wp-content\/uploads\/Lisa-2-OLPP-hindamismudelid_alates_20250110_kujundav.pdf\">kujundav<\/a>, <a href=\"https:\/\/www.palamuse.edu.ee\/web3\/wp-content\/uploads\/Lisa-2-OLPP-hindamismudelid_alates_20250110_mitteeristav.pdf\">mitteeristav<\/a>, <a href=\"https:\/\/www.palamuse.edu.ee\/web3\/wp-content\/uploads\/Lisa-2-OLPP-hindamismudelid_alates_20250110_numbriline.pdf\">numbriline<\/a>, <a href=\"https:\/\/www.palamuse.edu.ee\/web3\/wp-content\/uploads\/Lisa-2-OLPP-hindamismudelid_alates_20250110_kaitumine_hoolsus.pdf\">k\u00e4itumine ja hoolsus<\/a>)<br \/>lisa 3 <a href=\"https:\/\/www.palamuse.edu.ee\/web3\/wp-content\/uploads\/3_-loovtoo_juhend.pdf\">loovt\u00f6\u00f6 juhend<\/a><br \/>lisa 4 <a href=\"https:\/\/www.palamuse.edu.ee\/web3\/wp-content\/uploads\/kirjalike_toode_juhend_202512.pdf\">kirjalike toode vormistamise juhend<\/a> (01.12.2025)<br \/>lisa 5 <a href=\"https:\/\/www.palamuse.edu.ee\/web3\/wp-content\/uploads\/lisa_5_opetaja_tookava_ja_tooanalyysi_naidis.pdf\">\u00f5petaja t\u00f6\u00f6kava ja t\u00f6\u00f6anal\u00fc\u00fcsi n\u00e4idis\u00a0<\/a><br \/>lisa 6 <a href=\"https:\/\/www.palamuse.edu.ee\/web3\/wp-content\/uploads\/Lisa-6-OLPP-Koolivalise-valikaine-avaldus.docx\">taotlus kooliv\u00e4lise \u00f5ppetegevuse arvestamine \u00f5pilase \u00f5ppekoormusesse<\/a><br \/>lisa 7 <a href=\"https:\/\/www.palamuse.edu.ee\/web3\/wp-content\/uploads\/lisa_7_koduoppe_kord.pdf\">kodu\u00f5ppe kord<\/a><br \/>lisa 8 <a href=\"https:\/\/www.palamuse.edu.ee\/web3\/wp-content\/uploads\/lisa_8_tugimeetmed_ja_nende_rakendamise_kord.pdf\">tugimeetmed ja nende rakendamise kord<\/a><br \/>lisa 9 <a href=\"https:\/\/www.palamuse.edu.ee\/web3\/wp-content\/uploads\/Lisa_9_arenguvestluste_kord_alates20251001.pdf\">arenguvestluste l\u00e4biviimise kord<\/a> (muudetud 01.10.2025)<\/p>\n<p><img loading=\"lazy\" class=\"alignnone size-full wp-image-260\" src=\"https:\/\/www.palamuse.edu.ee\/web3\/wp-content\/uploads\/ico_punkt_punane.jpg\" alt=\"ico_punkt_punane\" width=\"8\" height=\"8\" \/>\u00a0<strong>Blanketid<br \/><img loading=\"lazy\" class=\"alignnone wp-image-324\" src=\"https:\/\/www.palamuse.edu.ee\/web3\/wp-content\/uploads\/joon_punane_hajuv_10x700-300x4.png\" alt=\"joon_punane_hajuv_10x700\" width=\"675\" height=\"9\" srcset=\"https:\/\/www.palamuse.edu.ee\/web3\/wp-content\/uploads\/joon_punane_hajuv_10x700-300x4.png 300w, https:\/\/www.palamuse.edu.ee\/web3\/wp-content\/uploads\/joon_punane_hajuv_10x700.png 700w\" sizes=\"(max-width: 675px) 100vw, 675px\" \/><br \/><\/strong><br \/><a href=\"https:\/\/bit.ly\/3vbxv5D\">Avaldus I klassi astumiseks\u00a0<\/a><br \/><a href=\"https:\/\/www.palamuse.edu.ee\/web3\/wp-content\/uploads\/meelespea_1klass_2425.pdf\">I klassi mineja meelespea<\/a><br \/><a href=\"https:\/\/bit.ly\/3xFUAzr\">Avaldus II &#8211; IX klassi astumiseks<\/a><br \/><a href=\"https:\/\/forms.office.com\/Pages\/ResponsePage.aspx?id=7gu2O98yE0iKc0bAXVSmus9KIrk4CcRGp8g87Qz_KglUOFQ3V0dKMkwwQUZIMFZUUjNTUjM0R0JUQS4u\">Avaldus uue \u00f5pilaspileti saamiseks<\/a><br \/><a href=\"http:\/\/bit.ly\/3BsITwU\">Pikap\u00e4evar\u00fchma avaldus<\/a><\/p>\n<p><a href=\"images\/Dokumendid\/Yld-dokumendid\/olpg_kodukord_03022012.doc\"><img loading=\"lazy\" class=\"alignnone size-full wp-image-321\" src=\"https:\/\/www.palamuse.edu.ee\/web3\/wp-content\/uploads\/ico_word.gif\" alt=\"ico_word\" width=\"16\" height=\"16\" \/> <\/a><a href=\"https:\/\/www.palamuse.edu.ee\/web3\/wp-content\/uploads\/kustutamine_koduleht-1.doc\">Avaldus \u00f5pilase\u00a0 v\u00e4ljaarvamiseks kooli \u00f5pilaste nimekirjast<\/a><br \/><a href=\"images\/Dokumendid\/Yld-dokumendid\/olpg_kodukord_03022012.doc\"><img loading=\"lazy\" class=\"alignnone size-full wp-image-321\" src=\"https:\/\/www.palamuse.edu.ee\/web3\/wp-content\/uploads\/ico_word.gif\" alt=\"ico_word\" width=\"16\" height=\"16\" \/><\/a> <a href=\"https:\/\/www.palamuse.edu.ee\/web3\/wp-content\/uploads\/teatis_koolist_puudumine_pikaajaline_20190219-1.doc\">Teatis koolist pikaajalise puudumise kohta<\/a><br \/><a href=\"images\/Dokumendid\/Yld-dokumendid\/olpg_kodukord_03022012.doc\"><img loading=\"lazy\" class=\"alignnone size-full wp-image-321\" src=\"https:\/\/www.palamuse.edu.ee\/web3\/wp-content\/uploads\/ico_word.gif\" alt=\"ico_word\" width=\"16\" height=\"16\" \/><\/a> <a href=\"https:\/\/www.palamuse.edu.ee\/web3\/wp-content\/uploads\/hinnete_pikendamine_TERA.doc\">Hinnete v\u00e4ljapaneku aja pikendamine<\/a><\/p>\n<p>\u00a0<\/p>\n\n","protected":false},"excerpt":{"rendered":"<p>\u00a0Dokumendiregister\u2295 Oskar Lutsu Palamuse P\u00f5hikooli dokumendiregister\u2295 Oskar Lutsu Palamuse G\u00fcmnaasiumi dokumendiregister (01.01.2017-31.08.2023) \u00a0Dokumendid \u2295 Kooli kodukord \u00a0 \u00a0 \u00a0 \u00a0 \u00a0 \u00a0 \u00a0 \u00a0 \u00a0 \u00a0 \u00a0 \u00a0 \u00a0 \u00a0 \u00a0 \u00a0 \u00a0 \u00a0 \u00a0 \u00a0 \u00a0 \u00a0 \u00a0 \u00a0 \u00a0 \u00a0\u2295 Kooli arengukava_2020 &#8211; 2030\u2295 Kooli p\u00f5him\u00e4\u00e4rus\u2295 \u00d5pilasesinduse p\u00f5him\u00e4\u00e4rus\u2295 Hoolekogu t\u00f6\u00f6kord\u2295 Pedagoogide vabade ametikohtade &hellip; <\/p>\n<p><a class=\"more-link btn\" href=\"https:\/\/www.palamuse.edu.ee\/web3\/dokumendid\/\">J\u00e4tka lugemist<\/a><\/p>\n","protected":false},"author":2,"featured_media":0,"parent":0,"menu_order":0,"comment_status":"closed","ping_status":"closed","template":"","meta":[],"_links":{"self":[{"href":"https:\/\/www.palamuse.edu.ee\/web3\/wp-json\/wp\/v2\/pages\/238"}],"collection":[{"href":"https:\/\/www.palamuse.edu.ee\/web3\/wp-json\/wp\/v2\/pages"}],"about":[{"href":"https:\/\/www.palamuse.edu.ee\/web3\/wp-json\/wp\/v2\/types\/page"}],"author":[{"embeddable":true,"href":"https:\/\/www.palamuse.edu.ee\/web3\/wp-json\/wp\/v2\/users\/2"}],"replies":[{"embeddable":true,"href":"https:\/\/www.palamuse.edu.ee\/web3\/wp-json\/wp\/v2\/comments?post=238"}],"version-history":[{"count":5,"href":"https:\/\/www.palamuse.edu.ee\/web3\/wp-json\/wp\/v2\/pages\/238\/revisions"}],"predecessor-version":[{"id":8677,"href":"https:\/\/www.palamuse.edu.ee\/web3\/wp-json\/wp\/v2\/pages\/238\/revisions\/8677"}],"wp:attachment":[{"href":"https:\/\/www.palamuse.edu.ee\/web3\/wp-json\/wp\/v2\/media?parent=238"}],"curies":[{"name":"wp","href":"https:\/\/api.w.org\/{rel}","templated":true}]}}