{"id":183,"date":"2016-02-18T10:27:44","date_gmt":"2016-02-18T08:27:44","guid":{"rendered":"http:\/\/www.palamuse.edu.ee\/web3\/?page_id=183"},"modified":"2025-10-13T11:53:01","modified_gmt":"2025-10-13T08:53:01","slug":"opetajad","status":"publish","type":"page","link":"https:\/\/www.palamuse.edu.ee\/web3\/opetajad\/","title":{"rendered":"\u00d5petajad"},"content":{"rendered":"<p style=\"padding-left: 60px;\"><img loading=\"lazy\" class=\"alignnone size-full wp-image-263\" src=\"https:\/\/www.palamuse.edu.ee\/web3\/wp-content\/uploads\/ico_punkt_roheline.jpg\" alt=\"ico_punkt_roheline\" width=\"8\" height=\"8\" \/>\u00a0 Fred Juuse &#8211; liikumis\u00f5petus<br \/>\n<img loading=\"lazy\" class=\"alignnone  wp-image-263\" style=\"font-size: revert;\" src=\"https:\/\/www.palamuse.edu.ee\/web3\/wp-content\/uploads\/ico_punkt_roheline.jpg\" alt=\"ico_punkt_roheline\" width=\"8\" height=\"8\" \/><span style=\"font-size: revert;\">\u00a0 <\/span><span style=\"font-size: revert;\">Inge J\u00f5gi &#8211; 8. b klassi \u00f5petaja<br \/>\n<\/span><img loading=\"lazy\" class=\"alignnone  wp-image-263\" src=\"https:\/\/www.palamuse.edu.ee\/web3\/wp-content\/uploads\/ico_punkt_roheline.jpg\" alt=\"ico_punkt_roheline\" width=\"8\" height=\"8\" \/> \u00a0Sirje Kiis &#8211; logopeed<br \/>\n<img loading=\"lazy\" class=\"alignnone size-full wp-image-263\" src=\"https:\/\/www.palamuse.edu.ee\/web3\/wp-content\/uploads\/ico_punkt_roheline.jpg\" alt=\"ico_punkt_roheline\" width=\"8\" height=\"8\" \/>\u00a0 Tiiu Kirsim\u00e4e &#8211; eesti keel ja kirjandus<br \/>\n<img loading=\"lazy\" class=\"alignnone size-full wp-image-263\" src=\"https:\/\/www.palamuse.edu.ee\/web3\/wp-content\/uploads\/ico_punkt_roheline.jpg\" alt=\"ico_punkt_roheline\" width=\"8\" height=\"8\" \/>\u00a0 Mariliis Kaasik &#8211; klassi\u00f5petaja (vanemapuhkusel)<br \/>\n<img loading=\"lazy\" class=\"alignnone size-full wp-image-263\" src=\"https:\/\/www.palamuse.edu.ee\/web3\/wp-content\/uploads\/ico_punkt_roheline.jpg\" alt=\"ico_punkt_roheline\" width=\"8\" height=\"8\" \/>\u00a0 Tauri Kaasik &#8211; liikumis\u00f5petus<br \/>\n<img loading=\"lazy\" class=\"alignnone  wp-image-263\" src=\"https:\/\/www.palamuse.edu.ee\/web3\/wp-content\/uploads\/ico_punkt_roheline.jpg\" alt=\"ico_punkt_roheline\" width=\"8\" height=\"8\" \/>\u00a0 Mariliis Kapral &#8211; eripedagoog, kodu\u00f5ppe koordinaator<br \/>\n<img loading=\"lazy\" src=\"https:\/\/www.palamuse.edu.ee\/web3\/wp-content\/uploads\/ico_punkt_roheline.jpg\" alt=\"ico_punkt_roheline\" width=\"8\" height=\"8\" \/>\u00a0 Ingrid Klandorf &#8211; keemia, f\u00fc\u00fcsika, geograafia<br \/>\n<img loading=\"lazy\" class=\"alignnone size-full wp-image-263\" src=\"https:\/\/www.palamuse.edu.ee\/web3\/wp-content\/uploads\/ico_punkt_roheline.jpg\" alt=\"ico_punkt_roheline\" width=\"8\" height=\"8\" \/>\u00a0 Kalle Kolde\u00a0 &#8211; tehnoloogia\u00f5petus, f\u00fc\u00fcsika, loodus\u00f5petus<br \/>\n<img loading=\"lazy\" class=\"alignnone size-full wp-image-263\" src=\"https:\/\/www.palamuse.edu.ee\/web3\/wp-content\/uploads\/ico_punkt_roheline.jpg\" alt=\"ico_punkt_roheline\" width=\"8\" height=\"8\" \/>\u00a0 K\u00fclli Kolde &#8211; inglise keel<br \/>\n<img loading=\"lazy\" class=\"alignnone  wp-image-263\" src=\"https:\/\/www.palamuse.edu.ee\/web3\/wp-content\/uploads\/ico_punkt_roheline.jpg\" alt=\"ico_punkt_roheline\" width=\"8\" height=\"8\" \/>\u00a0 Maila Korkmann &#8211; sotsiaalpedagoog<br \/>\n<img loading=\"lazy\" class=\"alignnone  wp-image-263\" src=\"https:\/\/www.palamuse.edu.ee\/web3\/wp-content\/uploads\/ico_punkt_roheline.jpg\" alt=\"ico_punkt_roheline\" width=\"8\" height=\"8\" \/>\u00a0 Eret Krull &#8211; inglise keel<br \/>\n<img loading=\"lazy\" class=\"alignnone size-full wp-image-263\" src=\"https:\/\/www.palamuse.edu.ee\/web3\/wp-content\/uploads\/ico_punkt_roheline.jpg\" alt=\"ico_punkt_roheline\" width=\"8\" height=\"8\" \/>\u00a0 Eha Kuld &#8211; matemaatika<br \/>\n<img loading=\"lazy\" class=\"alignnone size-full wp-image-263\" src=\"https:\/\/www.palamuse.edu.ee\/web3\/wp-content\/uploads\/ico_punkt_roheline.jpg\" alt=\"ico_punkt_roheline\" width=\"8\" height=\"8\" \/>\u00a0 Auli Kumel &#8211; kunsti\u00f5petus<br \/>\n<img loading=\"lazy\" class=\"alignnone size-full wp-image-263\" src=\"https:\/\/www.palamuse.edu.ee\/web3\/wp-content\/uploads\/ico_punkt_roheline.jpg\" alt=\"ico_punkt_roheline\" width=\"8\" height=\"8\" \/>\u00a0 Janne Lamus &#8211; eesti keel ja kirjandus<br \/>\n<img loading=\"lazy\" class=\"alignnone  wp-image-263\" src=\"https:\/\/www.palamuse.edu.ee\/web3\/wp-content\/uploads\/ico_punkt_roheline.jpg\" alt=\"ico_punkt_roheline\" width=\"8\" height=\"8\" \/>\u00a0 Evelyn Merusk &#8211; ajalugu, \u00fchiskonna\u00f5petus<br \/>\n<img loading=\"lazy\" class=\"alignnone  wp-image-263\" src=\"https:\/\/www.palamuse.edu.ee\/web3\/wp-content\/uploads\/ico_punkt_roheline.jpg\" alt=\"ico_punkt_roheline\" width=\"8\" height=\"8\" \/>\u00a0 Piia Norring &#8211; I klassi \u00f5petaja<br \/>\n<img loading=\"lazy\" class=\"alignnone size-full wp-image-263\" src=\"https:\/\/www.palamuse.edu.ee\/web3\/wp-content\/uploads\/ico_punkt_roheline.jpg\" alt=\"ico_punkt_roheline\" width=\"8\" height=\"8\" \/>\u00a0 Merike Olgo &#8211; II klassi \u00f5petaja<br \/>\n<img loading=\"lazy\" class=\"alignnone size-full wp-image-263\" src=\"https:\/\/www.palamuse.edu.ee\/web3\/wp-content\/uploads\/ico_punkt_roheline.jpg\" alt=\"ico_punkt_roheline\" width=\"8\" height=\"8\" \/>\u00a0 Egle Plato &#8211;\u00a0 bioloogia, loodus\u00f5petus, inimese\u00f5petus<br \/>\n<img loading=\"lazy\" class=\"alignnone size-full wp-image-263\" src=\"https:\/\/www.palamuse.edu.ee\/web3\/wp-content\/uploads\/ico_punkt_roheline.jpg\" alt=\"ico_punkt_roheline\" width=\"8\" height=\"8\" \/>\u00a0 Merle Priim\u00e4e &#8211; matemaatika<br \/>\n<img loading=\"lazy\" class=\"alignnone size-full wp-image-263\" src=\"https:\/\/www.palamuse.edu.ee\/web3\/wp-content\/uploads\/ico_punkt_roheline.jpg\" alt=\"ico_punkt_roheline\" width=\"8\" height=\"8\" \/>\u00a0 Riin P\u00e4rn &#8211; I klassi \u00f5petaja<br \/>\n<img loading=\"lazy\" class=\"alignnone size-full wp-image-263\" src=\"https:\/\/www.palamuse.edu.ee\/web3\/wp-content\/uploads\/ico_punkt_roheline.jpg\" alt=\"ico_punkt_roheline\" width=\"8\" height=\"8\" \/>\u00a0 Sille Raidvere &#8211; vene keel, k\u00e4sit\u00f6\u00f6 ja kodundus<br \/>\n<img loading=\"lazy\" class=\"alignnone size-full wp-image-263\" src=\"https:\/\/www.palamuse.edu.ee\/web3\/wp-content\/uploads\/ico_punkt_roheline.jpg\" alt=\"ico_punkt_roheline\" width=\"8\" height=\"8\" \/>\u00a0 Getter Rand &#8211; \u00f5pikeskuse juht<br \/>\n<img loading=\"lazy\" class=\"alignnone  wp-image-263\" src=\"https:\/\/www.palamuse.edu.ee\/web3\/wp-content\/uploads\/ico_punkt_roheline.jpg\" alt=\"ico_punkt_roheline\" width=\"8\" height=\"8\" \/>\u00a0 Evi \u0160tukert &#8211; koolips\u00fchholoog<br \/>\n<img loading=\"lazy\" class=\"alignnone  wp-image-263\" src=\"https:\/\/www.palamuse.edu.ee\/web3\/wp-content\/uploads\/ico_punkt_roheline.jpg\" alt=\"ico_punkt_roheline\" width=\"8\" height=\"8\" \/>\u00a0 Kristina \u0160tukert-Nunn\u00a0 &#8211; inglise keel, liikumis\u00f5petus, r\u00fctmika, informaatika<br \/>\n<span style=\"font-size: 12.1599998474121px; line-height: 1.3em;\"><img loading=\"lazy\" class=\"alignnone size-full wp-image-263\" src=\"https:\/\/www.palamuse.edu.ee\/web3\/wp-content\/uploads\/ico_punkt_roheline.jpg\" alt=\"ico_punkt_roheline\" width=\"8\" height=\"8\" \/> <\/span><span style=\"font-size: 12.1599998474121px; line-height: 1.3em;\">\u00a0<\/span>Katrina Tammistu &#8211; III klassi \u00f5petaja<br \/>\n<img loading=\"lazy\" class=\"alignnone size-full wp-image-263\" src=\"https:\/\/www.palamuse.edu.ee\/web3\/wp-content\/uploads\/ico_punkt_roheline.jpg\" alt=\"ico_punkt_roheline\" width=\"8\" height=\"8\" \/>\u00a0 Aive Tilk &#8211; pikap\u00e4evar\u00fchma kasvataja, abi\u00f5petaja<br \/>\n<img loading=\"lazy\" src=\"https:\/\/www.palamuse.edu.ee\/web3\/wp-content\/uploads\/ico_punkt_roheline.jpg\" alt=\"ico_punkt_roheline\" width=\"8\" height=\"8\" \/> \u00a0Luule Toome &#8211; muusika\u00f5petus<br \/>\n<img loading=\"lazy\" class=\"alignnone size-full wp-image-263\" src=\"https:\/\/www.palamuse.edu.ee\/web3\/wp-content\/uploads\/ico_punkt_roheline.jpg\" alt=\"ico_punkt_roheline\" width=\"8\" height=\"8\" \/>\u00a0 Marjo Toomik &#8211; informaatika (vanemapuhkusel)<br \/>\n<img loading=\"lazy\" class=\"alignnone size-full wp-image-263\" src=\"https:\/\/www.palamuse.edu.ee\/web3\/wp-content\/uploads\/ico_punkt_roheline.jpg\" alt=\"ico_punkt_roheline\" width=\"8\" height=\"8\" \/>\u00a0 Lii Toots &#8211; saksa keel<br \/>\n<img loading=\"lazy\" class=\"alignnone size-full wp-image-263\" src=\"https:\/\/www.palamuse.edu.ee\/web3\/wp-content\/uploads\/ico_punkt_roheline.jpg\" alt=\"ico_punkt_roheline\" width=\"8\" height=\"8\" \/>\u00a0 Monika Urb &#8211; kirjandus, vene keel<\/p>\n","protected":false},"excerpt":{"rendered":"<p>\u00a0 Fred Juuse &#8211; liikumis\u00f5petus \u00a0 Inge J\u00f5gi &#8211; 8. b klassi \u00f5petaja \u00a0Sirje Kiis &#8211; logopeed \u00a0 Tiiu Kirsim\u00e4e &#8211; eesti keel ja kirjandus \u00a0 Mariliis Kaasik &#8211; klassi\u00f5petaja (vanemapuhkusel) \u00a0 Tauri Kaasik &#8211; liikumis\u00f5petus \u00a0 Mariliis Kapral &#8211; eripedagoog, kodu\u00f5ppe koordinaator \u00a0 Ingrid Klandorf &#8211; keemia, f\u00fc\u00fcsika, geograafia \u00a0 Kalle Kolde\u00a0 &#8211; tehnoloogia\u00f5petus, &hellip; <\/p>\n<p><a class=\"more-link btn\" href=\"https:\/\/www.palamuse.edu.ee\/web3\/opetajad\/\">J\u00e4tka lugemist<\/a><\/p>\n","protected":false},"author":2,"featured_media":0,"parent":0,"menu_order":0,"comment_status":"closed","ping_status":"closed","template":"","meta":[],"_links":{"self":[{"href":"https:\/\/www.palamuse.edu.ee\/web3\/wp-json\/wp\/v2\/pages\/183"}],"collection":[{"href":"https:\/\/www.palamuse.edu.ee\/web3\/wp-json\/wp\/v2\/pages"}],"about":[{"href":"https:\/\/www.palamuse.edu.ee\/web3\/wp-json\/wp\/v2\/types\/page"}],"author":[{"embeddable":true,"href":"https:\/\/www.palamuse.edu.ee\/web3\/wp-json\/wp\/v2\/users\/2"}],"replies":[{"embeddable":true,"href":"https:\/\/www.palamuse.edu.ee\/web3\/wp-json\/wp\/v2\/comments?post=183"}],"version-history":[{"count":5,"href":"https:\/\/www.palamuse.edu.ee\/web3\/wp-json\/wp\/v2\/pages\/183\/revisions"}],"predecessor-version":[{"id":8278,"href":"https:\/\/www.palamuse.edu.ee\/web3\/wp-json\/wp\/v2\/pages\/183\/revisions\/8278"}],"wp:attachment":[{"href":"https:\/\/www.palamuse.edu.ee\/web3\/wp-json\/wp\/v2\/media?parent=183"}],"curies":[{"name":"wp","href":"https:\/\/api.w.org\/{rel}","templated":true}]}}

Õpetajad

<p style="padding-left: 60px;"><img loading="lazy" class="alignnone size-full wp-image-263" src="https://www.palamuse.edu.ee/web3/wp-content/uploads/ico_punkt_roheline.jpg" alt="ico_punkt_roheline" width="8" height="8" />  Fred Juuse &#8211; liikumisõpetus<br />
<img loading="lazy" class="alignnone  wp-image-263" style="font-size: revert;" src="https://www.palamuse.edu.ee/web3/wp-content/uploads/ico_punkt_roheline.jpg" alt="ico_punkt_roheline" width="8" height="8" /><span style="font-size: revert;">  </span><span style="font-size: revert;">Inge Jõgi &#8211; 8. b klassi õpetaja<br />
</span><img loading="lazy" class="alignnone  wp-image-263" src="https://www.palamuse.edu.ee/web3/wp-content/uploads/ico_punkt_roheline.jpg" alt="ico_punkt_roheline" width="8" height="8" />  Sirje Kiis &#8211; logopeed<br />
<img loading="lazy" class="alignnone size-full wp-image-263" src="https://www.palamuse.edu.ee/web3/wp-content/uploads/ico_punkt_roheline.jpg" alt="ico_punkt_roheline" width="8" height="8" />  Tiiu Kirsimäe &#8211; eesti keel ja kirjandus<br />
<img loading="lazy" class="alignnone size-full wp-image-263" src="https://www.palamuse.edu.ee/web3/wp-content/uploads/ico_punkt_roheline.jpg" alt="ico_punkt_roheline" width="8" height="8" />  Mariliis Kaasik &#8211; klassiõpetaja (vanemapuhkusel)<br />
<img loading="lazy" class="alignnone size-full wp-image-263" src="https://www.palamuse.edu.ee/web3/wp-content/uploads/ico_punkt_roheline.jpg" alt="ico_punkt_roheline" width="8" height="8" />  Tauri Kaasik &#8211; liikumisõpetus<br />
<img loading="lazy" class="alignnone  wp-image-263" src="https://www.palamuse.edu.ee/web3/wp-content/uploads/ico_punkt_roheline.jpg" alt="ico_punkt_roheline" width="8" height="8" />  Mariliis Kapral &#8211; eripedagoog, koduõppe koordinaator<br />
<img loading="lazy" src="https://www.palamuse.edu.ee/web3/wp-content/uploads/ico_punkt_roheline.jpg" alt="ico_punkt_roheline" width="8" height="8" />  Ingrid Klandorf &#8211; keemia, füüsika, geograafia<br />
<img loading="lazy" class="alignnone size-full wp-image-263" src="https://www.palamuse.edu.ee/web3/wp-content/uploads/ico_punkt_roheline.jpg" alt="ico_punkt_roheline" width="8" height="8" />  Kalle Kolde  &#8211; tehnoloogiaõpetus, füüsika, loodusõpetus<br />
<img loading="lazy" class="alignnone size-full wp-image-263" src="https://www.palamuse.edu.ee/web3/wp-content/uploads/ico_punkt_roheline.jpg" alt="ico_punkt_roheline" width="8" height="8" />  Külli Kolde &#8211; inglise keel<br />
<img loading="lazy" class="alignnone  wp-image-263" src="https://www.palamuse.edu.ee/web3/wp-content/uploads/ico_punkt_roheline.jpg" alt="ico_punkt_roheline" width="8" height="8" />  Maila Korkmann &#8211; sotsiaalpedagoog<br />
<img loading="lazy" class="alignnone  wp-image-263" src="https://www.palamuse.edu.ee/web3/wp-content/uploads/ico_punkt_roheline.jpg" alt="ico_punkt_roheline" width="8" height="8" />  Eret Krull &#8211; inglise keel<br />
<img loading="lazy" class="alignnone size-full wp-image-263" src="https://www.palamuse.edu.ee/web3/wp-content/uploads/ico_punkt_roheline.jpg" alt="ico_punkt_roheline" width="8" height="8" />  Eha Kuld &#8211; matemaatika<br />
<img loading="lazy" class="alignnone size-full wp-image-263" src="https://www.palamuse.edu.ee/web3/wp-content/uploads/ico_punkt_roheline.jpg" alt="ico_punkt_roheline" width="8" height="8" />  Auli Kumel &#8211; kunstiõpetus<br />
<img loading="lazy" class="alignnone size-full wp-image-263" src="https://www.palamuse.edu.ee/web3/wp-content/uploads/ico_punkt_roheline.jpg" alt="ico_punkt_roheline" width="8" height="8" />  Janne Lamus &#8211; eesti keel ja kirjandus<br />
<img loading="lazy" class="alignnone  wp-image-263" src="https://www.palamuse.edu.ee/web3/wp-content/uploads/ico_punkt_roheline.jpg" alt="ico_punkt_roheline" width="8" height="8" />  Evelyn Merusk &#8211; ajalugu, ühiskonnaõpetus<br />
<img loading="lazy" class="alignnone  wp-image-263" src="https://www.palamuse.edu.ee/web3/wp-content/uploads/ico_punkt_roheline.jpg" alt="ico_punkt_roheline" width="8" height="8" />  Piia Norring &#8211; I klassi õpetaja<br />
<img loading="lazy" class="alignnone size-full wp-image-263" src="https://www.palamuse.edu.ee/web3/wp-content/uploads/ico_punkt_roheline.jpg" alt="ico_punkt_roheline" width="8" height="8" />  Merike Olgo &#8211; II klassi õpetaja<br />
<img loading="lazy" class="alignnone size-full wp-image-263" src="https://www.palamuse.edu.ee/web3/wp-content/uploads/ico_punkt_roheline.jpg" alt="ico_punkt_roheline" width="8" height="8" />  Egle Plato &#8211;  bioloogia, loodusõpetus, inimeseõpetus<br />
<img loading="lazy" class="alignnone size-full wp-image-263" src="https://www.palamuse.edu.ee/web3/wp-content/uploads/ico_punkt_roheline.jpg" alt="ico_punkt_roheline" width="8" height="8" />  Merle Priimäe &#8211; matemaatika<br />
<img loading="lazy" class="alignnone size-full wp-image-263" src="https://www.palamuse.edu.ee/web3/wp-content/uploads/ico_punkt_roheline.jpg" alt="ico_punkt_roheline" width="8" height="8" />  Riin Pärn &#8211; I klassi õpetaja<br />
<img loading="lazy" class="alignnone size-full wp-image-263" src="https://www.palamuse.edu.ee/web3/wp-content/uploads/ico_punkt_roheline.jpg" alt="ico_punkt_roheline" width="8" height="8" />  Sille Raidvere &#8211; vene keel, käsitöö ja kodundus<br />
<img loading="lazy" class="alignnone size-full wp-image-263" src="https://www.palamuse.edu.ee/web3/wp-content/uploads/ico_punkt_roheline.jpg" alt="ico_punkt_roheline" width="8" height="8" />  Getter Rand &#8211; õpikeskuse juht<br />
<img loading="lazy" class="alignnone  wp-image-263" src="https://www.palamuse.edu.ee/web3/wp-content/uploads/ico_punkt_roheline.jpg" alt="ico_punkt_roheline" width="8" height="8" />  Evi Štukert &#8211; koolipsühholoog<br />
<img loading="lazy" class="alignnone  wp-image-263" src="https://www.palamuse.edu.ee/web3/wp-content/uploads/ico_punkt_roheline.jpg" alt="ico_punkt_roheline" width="8" height="8" />  Kristina Štukert-Nunn  &#8211; inglise keel, liikumisõpetus, rütmika, informaatika<br />
<span style="font-size: 12.1599998474121px; line-height: 1.3em;"><img loading="lazy" class="alignnone size-full wp-image-263" src="https://www.palamuse.edu.ee/web3/wp-content/uploads/ico_punkt_roheline.jpg" alt="ico_punkt_roheline" width="8" height="8" /> </span><span style="font-size: 12.1599998474121px; line-height: 1.3em;"> </span>Katrina Tammistu &#8211; III klassi õpetaja<br />
<img loading="lazy" class="alignnone size-full wp-image-263" src="https://www.palamuse.edu.ee/web3/wp-content/uploads/ico_punkt_roheline.jpg" alt="ico_punkt_roheline" width="8" height="8" />  Aive Tilk &#8211; pikapäevarühma kasvataja, abiõpetaja<br />
<img loading="lazy" src="https://www.palamuse.edu.ee/web3/wp-content/uploads/ico_punkt_roheline.jpg" alt="ico_punkt_roheline" width="8" height="8" />  Luule Toome &#8211; muusikaõpetus<br />
<img loading="lazy" class="alignnone size-full wp-image-263" src="https://www.palamuse.edu.ee/web3/wp-content/uploads/ico_punkt_roheline.jpg" alt="ico_punkt_roheline" width="8" height="8" />  Marjo Toomik &#8211; informaatika (vanemapuhkusel)<br />
<img loading="lazy" class="alignnone size-full wp-image-263" src="https://www.palamuse.edu.ee/web3/wp-content/uploads/ico_punkt_roheline.jpg" alt="ico_punkt_roheline" width="8" height="8" />  Lii Toots &#8211; saksa keel<br />
<img loading="lazy" class="alignnone size-full wp-image-263" src="https://www.palamuse.edu.ee/web3/wp-content/uploads/ico_punkt_roheline.jpg" alt="ico_punkt_roheline" width="8" height="8" />  Monika Urb &#8211; kirjandus, vene keel</p>

<p>  Fred Juuse &#8211; liikumisõpetus   Inge Jõgi &#8211; 8. b klassi õpetaja  Sirje Kiis &#8211; logopeed   Tiiu Kirsimäe &#8211; eesti keel ja kirjandus   Mariliis Kaasik &#8211; klassiõpetaja (vanemapuhkusel)   Tauri Kaasik &#8211; liikumisõpetus   Mariliis Kapral &#8211; eripedagoog, koduõppe koordinaator   Ingrid Klandorf &#8211; keemia, füüsika, geograafia   Kalle Kolde  &#8211; tehnoloogiaõpetus, &hellip; </p>
<p><a class="more-link btn" href="https://www.palamuse.edu.ee/web3/opetajad/">Jätka lugemist</a></p>
