{"id":1809,"date":"2017-09-19T11:47:39","date_gmt":"2017-09-19T08:47:39","guid":{"rendered":"http:\/\/www.palamuse.edu.ee\/web3\/?page_id=1809"},"modified":"2026-04-13T17:13:30","modified_gmt":"2026-04-13T14:13:30","slug":"sookla-menuu","status":"publish","type":"page","link":"https:\/\/www.palamuse.edu.ee\/web3\/sookla-menuu\/","title":{"rendered":"S\u00f6\u00f6kla men\u00fc\u00fc"},"content":{"rendered":"<p>Tagasisidet toidu kohta saad anda <strong><a href=\"https:\/\/forms.office.com\/r\/Lu06RJT84h\">SIIN<\/a><\/strong>.\u00a0<\/p>\n<p><span style=\"color: #008080;\"><strong>HOMMIKUPUDER<\/strong><\/span><\/p>\n<p><span style=\"color: #008080;\">Igal hommikul saavad soovijad s\u00fc\u00fca hommikuputru. <br \/>\u00dche pudrukorra maksumus on 25 senti.<\/span><\/p>\n<p><span style=\"color: #008080;\"> Hommikupudrule saab lapsevanem lapse kirja panna Stuudiumi rubriigis Registreeri (<strong><a href=\"https:\/\/palamuse.ope.ee\/registreeri\">https:\/\/palamuse.ope.ee\/registreeri<\/a>).\u00a0<\/strong><\/span><\/p>\n<p>Kui laps j\u00e4\u00e4b haigeks, palume esimesel v\u00f5imalusel hommikupudrult maha v\u00f5tmise kohta kooli kokka Pille-Riin M\u00e4eranda teavitada Stuudiumi s\u00f5numiga.\u00a0<\/p>\n<p><span style=\"color: #003366;\"><strong>N\u00c4DALA ME<\/strong><strong>N\u00dc\u00dc<\/strong><\/span><\/p>\n<p><span style=\"color: #003366;\">20. \u2013 24. aprill<\/span><br \/><a href=\"https:\/\/www.palamuse.edu.ee\/web3\/wp-content\/uploads\/menyy_2026_17.pdf\"><span style=\"color: #993300;\">men\u00fc\u00fc toitainete lahtikirjutus<\/span><\/a><\/p>\n<p><strong><span style=\"color: #003366;\">esmasp\u00e4ev\u00a0\u00a0<\/span><\/strong><br \/><span style=\"color: #003366;\">l\u00f5hesupp <\/span><br \/><span style=\"color: #003366;\">karamellimaitseline \u00f5unakook<\/span><\/p>\n<p><span style=\"color: #003366;\"><strong>teisip\u00e4ev\u00a0\u00a0\u00a0\u00a0\u00a0<\/strong> <\/span><br \/><span style=\"color: #003366;\">Bolognese kaste hakklihast<\/span><br \/><span style=\"color: #003366;\">makaronid \/ riis, keedetud<\/span><br \/><span style=\"color: #003366;\">koorene k\u00fc\u00fcslaugu-porgandisalat<\/span><br \/><span style=\"color: #003366;\">kohupiimakreem marjadega<br \/><br \/><\/span><span style=\"color: #003366;\"><strong>kolmap\u00e4ev\u00a0\u00a0\u00a0<\/strong> <\/span><br \/><span style=\"color: #003366;\">seljanka (supp)<\/span><br \/><span style=\"color: #003366;\">puuviljakokteil<\/span><\/p>\n<p><span style=\"color: #003366;\"><strong>neljap\u00e4ev<\/strong> \u00a0\u00a0\u00a0 <\/span><br \/><span style=\"color: #003366;\">kana\u0161nitsel maisipaneeringus, soe kaste<\/span><br \/><span style=\"color: #003366;\">kartul \/ tatar<\/span><br \/><span style=\"color: #003366;\">kapsa-porgandisalat<\/span><\/p>\n<p><span style=\"color: #003366;\"><strong>reede<\/strong>\u00a0\u00a0\u00a0\u00a0\u00a0\u00a0\u00a0\u00a0\u00a0\u00a0 <\/span><br \/><span style=\"color: #003366;\">makaronid hakklihaga<\/span><br \/><span style=\"color: #003366;\">hiinakapsa-paprikasalat<\/span><\/p>\n<p><span style=\"color: #003366;\">* 01.09.2025 kehtima hakanud uute koolitoidu n\u00f5uete <span style=\"color: #ff9900;\"><a style=\"color: #ff9900;\" href=\"https:\/\/www.palamuse.edu.ee\/web3\/wp-content\/uploads\/Infoleht-haridusasutusele.pdf\"><strong>tutvustus<\/strong><\/a><\/span> (Vabariigi Valitsuse 31.07.2025 m\u00e4\u00e4rus nr 60 \u201eN\u00f5uded laste toitlustamisele haridusasutuses, sotsiaalteenuse osutamisel ning p\u00fcsi- ja projektlaagris\u201c)<br \/>* iga p\u00e4ev on men\u00fc\u00fcs piim, keefir (koolipiim), vesi, leib, sepik, <\/span><br \/><span style=\"color: #003366;\">puu- v\u00f5i k\u00f6\u00f6givili (kooli puu- v\u00f5i k\u00f6\u00f6givili)<br \/>* salati asemel on k\u00f6\u00f6giviljavalik (v\u00e4lja arvatud supip\u00e4evadel)<\/span><\/p>\n<p><span style=\"color: #993300;\"><strong>PIKAP\u00c4EVAEINE MEN\u00dc\u00dc<br \/><\/strong><\/span><\/p>\n<p><span style=\"color: #993300;\">20., 21., ja 23. aprill<\/span><br \/><span style=\"color: #993300;\">esmasp\u00e4ev &#8211; kartulipannkoogid<\/span><br \/><span style=\"color: #993300;\">teisip\u00e4ev &#8211; pelmeenid<\/span><br \/><span style=\"color: #993300;\">neljap\u00e4ev &#8211; kohupiimakreem marjadega<\/span><\/p>\n<p>Pikap\u00e4evaeine s\u00f6\u00f6misele registreerimine\u00a0 <strong><a style=\"color: #993300;\" href=\"https:\/\/palamuse.ope.ee\/registreeri\">https:\/\/palamuse.ope.ee\/registreeri<\/a><\/strong><br \/>Pikap\u00e4evaeinet pakume E-N kell 14.55 k\u00f5igile registreeritud \u00f5pilastele ja \u00f5petajatele. Pikap\u00e4evaeine s\u00f6\u00f6miseks tuleb lapsevanemal eelneva n\u00e4dala neljap\u00e4eva kella 14-ks oma laps v\u00f5i lapsed s\u00f6\u00f6jaks registreerida (v\u00f5i registreering t\u00fchistada). Registreerimine on leitav ka Stuudiumi rubriigis Registreeri.<\/p>\n<p><span style=\"color: #993300;\">Murede korral palume kirjutada Stuudiumi s\u00f5num kooli kokale Pille-Riin M\u00e4erannale.<\/span><\/p>\n<p><span style=\"color: #993300;\">Haigestumise korral tuleb kooli kokka (<strong>Pille-Riin M\u00e4erand<\/strong>) lapse hommikupudrult\/ pikap\u00e4evaeinelt maha v\u00f5tmise kohta <strong>Stuudiumi s\u00f5numiga<\/strong> teavitada.<\/span><br \/><span style=\"color: #993300;\">Registreeringute p\u00f5hjal saadab kool lapsevanemale j\u00e4rgmise kuu alguses makseteatise, mille vanem n\u00f5ustub lapse einele registreerimisega ka tasuma.<\/span><\/p>\n<p><span style=\"color: #993300;\">Hommikupudru maksumus on\u00a0 25 senti.\u00a0 <br \/><\/span><span style=\"color: #993300;\">Pikap\u00e4evaeine \u00fche korra maksumus on 70 senti.<\/span><\/p>\n<p><span style=\"font-size: inherit; background-color: #ffffff; color: #003300;\">&gt;&gt; Teavet toidu energia ja allergeenide kohta saab k\u00fcsida kokalt <br \/>Pille-Riin M\u00e4erannalt<\/span><\/p>\n<p><span style=\"color: #003300;\">&gt;&gt; Men\u00fc\u00fcs v\u00f5ib ette tulla muudatusi k\u00f6\u00f6gist mittes\u00f5ltuvatel p\u00f5hjustel.<\/span><\/p>\n<p><span style=\"color: #003300;\">Oskar Lutsu Palamuse P\u00f5hikool osaleb Euroopa Liidu poolt rahaliselt toetavas \u00fcleeuroopalises koolikavas. \u00d5pilased saavad tasuta PRIA koolipiima tooteid ja algklassid (1.-6. klassid) puu-, k\u00f6\u00f6gi- ja juurvilju.<\/span><\/p>\n\n","protected":false},"excerpt":{"rendered":"<p>Tagasisidet toidu kohta saad anda SIIN.\u00a0 HOMMIKUPUDER Igal hommikul saavad soovijad s\u00fc\u00fca hommikuputru. \u00dche pudrukorra maksumus on 25 senti. Hommikupudrule saab lapsevanem lapse kirja panna Stuudiumi rubriigis Registreeri (https:\/\/palamuse.ope.ee\/registreeri).\u00a0 Kui laps j\u00e4\u00e4b haigeks, palume esimesel v\u00f5imalusel hommikupudrult maha v\u00f5tmise kohta kooli kokka Pille-Riin M\u00e4eranda teavitada Stuudiumi s\u00f5numiga.\u00a0 N\u00c4DALA MEN\u00dc\u00dc 20. \u2013 24. aprillmen\u00fc\u00fc toitainete lahtikirjutus &hellip; <\/p>\n<p><a class=\"more-link btn\" href=\"https:\/\/www.palamuse.edu.ee\/web3\/sookla-menuu\/\">J\u00e4tka lugemist<\/a><\/p>\n","protected":false},"author":2,"featured_media":0,"parent":0,"menu_order":0,"comment_status":"closed","ping_status":"closed","template":"","meta":[],"_links":{"self":[{"href":"https:\/\/www.palamuse.edu.ee\/web3\/wp-json\/wp\/v2\/pages\/1809"}],"collection":[{"href":"https:\/\/www.palamuse.edu.ee\/web3\/wp-json\/wp\/v2\/pages"}],"about":[{"href":"https:\/\/www.palamuse.edu.ee\/web3\/wp-json\/wp\/v2\/types\/page"}],"author":[{"embeddable":true,"href":"https:\/\/www.palamuse.edu.ee\/web3\/wp-json\/wp\/v2\/users\/2"}],"replies":[{"embeddable":true,"href":"https:\/\/www.palamuse.edu.ee\/web3\/wp-json\/wp\/v2\/comments?post=1809"}],"version-history":[{"count":5,"href":"https:\/\/www.palamuse.edu.ee\/web3\/wp-json\/wp\/v2\/pages\/1809\/revisions"}],"predecessor-version":[{"id":8717,"href":"https:\/\/www.palamuse.edu.ee\/web3\/wp-json\/wp\/v2\/pages\/1809\/revisions\/8717"}],"wp:attachment":[{"href":"https:\/\/www.palamuse.edu.ee\/web3\/wp-json\/wp\/v2\/media?parent=1809"}],"curies":[{"name":"wp","href":"https:\/\/api.w.org\/{rel}","templated":true}]}}